2 + 6*u + 5. Let q(g) = h(g) - r(g). Determine q(m).
-2
Let y = -20 + 22. Let v(j) = j - 21 + y*j - 2*j + 10. Determine v(8).
-3
Suppose -8 - 10 = -6*o. Suppose 3*c = -4*p - 25, 2*p + 17 = -0*c - o*c. Let y(j) = -j**2 - 5*j - 2. Determine y(p).
2
Let k(c) = 2*c**3 - 4*c**2 + 4*c - 2. Suppose -4 + 7 = g. Suppose -12 - 6 = g*r. Let j be 4/(3*r/(-9)). What is k(j)?
6
Let g(z) = z**3 - 8*z**2 + 11*z - 22. Let k be g(7). Let x be (-4)/k*(-1 - 21/6). Let j(f) = f - 2. Calculate j(x).
1
Let a(i) = -13*i + 4. Suppose 24*s - 126 = 3*s. What is a(s)?
-74
Let l(j) = -j**3 + 6*j**2 - 4*j + 4. Let o = 190 - 185. Calculate l(o).
9
Let j(l) = l**2 - l + 35. Suppose -3*m - 4*t - 12 - 4 = 0, 2*m - t - 4 = 0. What is j(m)?
35
Let m(z) = z**2 - 27*z + 107. Let c be m(5). Let k(v) = -v**3 - 4*v**2 + v + 4. Give k(c).
-8
Let k(v) = -v**2 - v + 1. Let z(f) = f**3 - 8*f**2 + 13*f - 7. Let o be z(6). Let u(i) = i**3 + 5*i**2 + 3*i - 3. Let x(m) = o*k(m) + u(m). Calculate x(-5).
1
Suppose -5*h + 228 = h. Let p = 36 - h. Let z(b) = 2 + 4 - 5 - 2*b. Give z(p).
5
Let y(b) be the first derivative of b**2/2 - 3*b - 159. Calculate y(-2).
-5
Let l(a) = -a + 16. Let x = 149 + -140. Suppose 1 - x = -d. Give l(d).
8
Let c = 0 - -2. Let t(k) be the first derivative of k**3/3 - k**2/2 - 2*k - 27. Determine t(c).
0
Let v(i) = 59*i + 8*i**2 - i**2 - 67*i - i**3 + 9. Determine v(6).
-3
Let y be (-27)/(-3) + -1 + -3. Let z(n) = -n + 7*n**2 + 1 + 10*n**2 - y*n**2. Suppose 0 = 3*a - 4 + 1. What is z(a)?
12
Let y(t) = -2*t - 5. Suppose 3*g = 6, -27 = -4*a - 4*g + 57. Let j(i) = i**2 + 4*i - 7. Let z be j(-7). Let k = z - a. What is y(k)?
5
Let x(j) = -7*j**3 + 9*j**2 + 23. Let f(p) = 4*p**3 - 4*p**2 - 12. Let r(q) = -5*f(q) - 3*x(q). Give r(7).
-9
Let z(l) = -l. Let w = 14 + -36. Let h = w + 25. What is z(h)?
-3
Let f be (-3 + 0)/(9/(-57)). Suppose -3*d - f = 5*r, -d - 19 = -3*d + 3*r. Let j(l) = -3 - 3 + 8 + l**d + 6. Give j(0).
8
Let m(y) = -y**3 + 6*y**2 - 8*y + 7. Let b = 245 + -240. What is m(b)?
-8
Let n(t) = -t**2 - 3*t + 3. Suppose 8 = 225*i - 217*i. What is n(i)?
-1
Suppose -5*b - 15 = -8*b. Suppose w - 1 = -3*l + 2, 3*w = b*l + 9. Let s(k) = -w - 4 + 2 - 11*k + 4. What is s(-1)?
10
Let m(f) = -67*f**2 - 59*f**2 + 127*f**2 - 8*f + f**3 + 1. Determine m(-3).
7
Let w(h) = -5 + 0*h**3 - 6*h**2 - 3*h - h**3 - 2. Suppose -4*r + 5*u = 45, -3*r + 3*u - 40 = 2*r. What is w(r)?
-17
Let j = -39 - -45. Let w(o) be the first derivative of -o**4/24 + o**3/2 - o**2/2 - 1. Let r(m) be the second derivative of w(m). What is r(j)?
-3
Suppose -4*d + 13*d + 27 = 0. Let o(y) = 6*y + 10. What is o(d)?
-8
Let j(s) = -8*s - 37. Let y be j(-5). Let a be 9/(9/2) - y. Let i(g) = 6*g + 1. What is i(a)?
-5
Let k(d) = -9*d**2 - 20 + 2*d + 3*d + d**3 + 16 + 8 + d**2. What is k(7)?
-10
Let a(r) = 0*r - 11 + 9*r - 3*r - 3*r. Let s be a(6). Let i(v) = v**3 - 7*v**2 - 3. Determine i(s).
-3
Suppose 72 = 2*y - f, -2*f - 107 = -3*y - 1. Let m = 44 - y. Let b(i) = i**3 - 6*i**2 - i + 3. What is b(m)?
-3
Let k(f) = -f + 7. Let v(q) = -q - 11. Let h(j) = 3*k(j) - v(j). Determine h(0).
32
Let n = -1 + 8. Suppose 9*q + 4*q - 26 = 0. Let d(f) = 0*f**2 - q*f**3 - 5 + 8*f**2 + f**3 - 10*f + 2*f. Calculate d(n).
-12
Let l(a) = -a**2 - 8*a + 16. Suppose 0 = -2*n + 12*n + 70. Calculate l(n).
23
Let l(a) = 2*a. Let o be l(7). Let j(z) = -15*z**2 + 1 + o*z**2 - 5 + 7*z. What is j(5)?
6
Suppose 2*u = 5*u + 5*t + 3, 5*t + 15 = 0. Let z be 3*(-1 - -2) - -1. Let b(j) = -11 + z*j + 8 - 3. Give b(u).
10
Suppose 9 - 48 = 13*w. Let u(p) = -16*p**2 - 31*p - 21. Let x(q) = 3*q**2 + 6*q + 4. Let z = -17 - -28. Let y(i) = z*x(i) + 2*u(i). What is y(w)?
-1
Suppose -4 + 8 = 4*b. Let v(u) be the second derivative of u**4/2 + u**3/6 - u**2/2 + 37*u. Determine v(b).
6
Let o(v) = 3*v + 11. Let d be o(-3). Suppose -4 = -g - d. Let m(k) = 36*k**2 + 4*k - 37*k**g + 4 - 4*k. Give m(3).
-5
Let z(x) be the third derivative of x**4/4 - 3*x**3/2 + 8*x**2. Determine z(3).
9
Let n(b) = -3*b**2 - 2*b + 2. Let g be 575/40 + (-9)/24. Let f(q) = q**2 - 16*q + 8. Let m be f(g). Let a = 18 + m. Give n(a).
-6
Let g be 5/2 - 7/(-14). Let l(f) be the first derivative of -f**2/2 + 2*f + 2. Give l(g).
-1
Suppose 0 = 11*f - f - 30. Let y(j) = -2*j**2 - 4*j + 1. Calculate y(f).
-29
Let j be (-1)/(-3)*(2 + 5 - -8). Let p(x) = -2*x**2 + 9*x + 10. Calculate p(j).
5
Let l(a) = -a + 3. Suppose 0 = 5*o - 4*o. Let q(b) = 0 - 4 + 2*b - b + o*b. Let j be q(7). Calculate l(j).
0
Let f(g) = -5*g + 13. Let o(q) = -14*q + 38. Suppose 0 = -3*b - b - 44. Let p(t) = b*f(t) + 4*o(t). Let l(v) = -v + 23. Let k be l(13). Calculate p(k).
-1
Let f(r) = -r**3 + 5*r**2 - 6*r + 5. Let a(g) = -g. Let l = 8 + -12. Let k be a(l). Determine f(k).
-3
Let n(r) = r**2 + 3*r + 2. Let v be n(-3). Let s(u) = u**2 - u + 2*u**2 - 4*u**2 + 0*u - v. Calculate s(-4).
-14
Let a(f) = -f**2 - 4*f - 2. Let p = 132 - 138. Determine a(p).
-14
Let q = 186 + -82. Let d be 640/q - (-2)/(-13). Let u(c) = -c**2 + 8*c. Give u(d).
12
Let v = -104 - -107. Let q(t) be the first derivative of 3*t**2/2 - t - 20. Determine q(v).
8
Let n(z) = -z + 10. Let l be n(7). Let p(v) = 0*v**3 + 3*v**2 - 2*v**2 - v**l + 4. Let k = -49 + 49. Determine p(k).
4
Suppose 4*x - 76 = 4. Suppose -2*h = -0*h - x. Let q be 12/9 - h/(-15). Let k(n) = -n**2 + 4*n - 3. Give k(q).
1
Suppose 4*h + 12 = 12. Let d(r) = 9*r**2 + 0*r + 6*r**2 + 1 + h*r. What is d(-1)?
16
Suppose -3*i + 70 = -10*i. Let u(c) = c + 21. What is u(i)?
11
Let b(z) = -z**2 + 2*z + 4. Let i be b(4). Let k = -33 - -35. Let s(r) = -7 - 8 + k*r + 17. Give s(i).
-6
Let g(v) = v**3 - 3*v**2 + v - 1. Let b be 0/3 + (-6)/(-2). Let r be (-9)/6*(-10)/b. Let u = -2 + r. Give g(u).
2
Let o = 32 + -39. Let a(c) = -c**2 - 5*c + 8. Let z be a(o). Let v(b) = -b + 5. Determine v(z).
11
Let u(q) = -q**3 + 5*q**2 + 7*q - 9. Let r = -40 - -63. Suppose -3*g - y + r = 0, 2*y + 4 = 2*g + 2. Give u(g).
-3
Let d(r) = -r**3 - 18*r**2 + 17*r - 39. Suppose 5*z = x + 32 - 8, 2*x = 4*z - 42. Let q be d(x). Let p(m) = 7*m**3 - m - 1. Determine p(q).
-7
Suppose -3*o = -7*o + 28. Let z be 20/(-6) - (-1)/3. Let a(r) = -4*r**2 + 8*r - 11. Let m(i) = i**2 + 1. Let b(g) = z*m(g) - a(g). Give b(o).
1
Let p(h) = -h**2 + 6*h - 5. Suppose 4*b = -x + 14, 3*x - 3*b + 20 = -x. Let z(g) = -g**2 + g - 1. Let l(k) = x*z(k) + p(k). Give l(-6).
9
Let v(j) = -9045*j**2 - 3 + 6 + 3*j + 9058*j**2 + j**3 + 9*j. Calculate v(-12).
3
Let p(i) = -i**3 - 14*i**2 + i + 15. Suppose -m - 9 = 3*u - 2*u, 5*u = 3*m + 67. Determine p(m).
1
Let t(k) be the second derivative of k**4/12 - 5*k**3/3 - k**2 + 109*k. Determine t(8).
-18
Let m(u) be the second derivative of u**5/20 - u**3/6 + u**2/2 + u. Suppose -4*x + 5*f + 0*f = -28, -3*x - 2*f = -44. Let c = x + -11. Calculate m(c).
1
Let k(u) = -2 + 0 + 4 + u. Let v(b) = b + 3. Let f be v(-8). Let t = f + 5. Give k(t).
2
Let d(r) be the second derivative of -r**4/12 + 4*r**3/3 + r**2 + 53*r. Give d(4).
18
Let y = 11 - 9. Let z(n) = 6 + n**2 - 8 + y - 5*n + 4. Suppose -4*o + 18 = 2. Give z(o).
0
Let j(n) be the third derivative of -n**5/15 - n**3/6 + 180*n**2. Give j(-2).
-17
Let j be 3*((-23 - -21) + (-20)/(-6)). Let t(p) = 4*p**2 + 3*p - 2. Let h(w) = 3*w**2 + 4*w - 3. Let d(q) = j*t(q) - 3*h(q). What is d(-1)?
8
Let h(q) = -q**3 - q - 4. Let j(o) = 5*o**3 + 19*o**2 + 23*o + 42. Let v(p) = 4*h(p) + j(p). What is v(-18)?
8
Let r(b) be the third derivative of -b**4/8 + 7*b**3/6 + 5*b**2. Let p(n) = -n**3 - 16*n**2 - 17*n - 25. Let w be p(-15). Give r(w).
-8
Let y = 43 + -37. Let t(k) = -2*k + y*k - 7 - 3*k. Give t(7).
0
Let t(o) = -8 - 46*o**3 + 2*o - 3*o + 45*o**3. Let r = -3 - -3. What is t(r)?
-8
Let a(j) = 5*j - 6. Let v = 650 - 646. Calculate a(v).
14
Let f(r) = -9*r - r + 25*r**3 + 4 + r + 4*r - 24*r**3 - 5*r**2. Give f(6).
10
Let o(m) = 2 + 4 + 62*m**3 - 63*m**3 - 5*m**2 - 4 + 4*m. Calculate o(-5).
-18
Let n(l) = l - 5 + 3*l - l**2 - 2*l. Suppose -6*g + 5*o = -10*g - 4, -3*g + 5*o = -32. Give n(g).
-13
Let a(r) be the second derivative of 5/2*r**2 + 2*r + 0 + 1/3*r**4 - 1/20*r**5 - 1/2*r**3. Give a(4).
-7
Let m(s) be the first derivative of 1/3*s**3 + 5*s + 7/2*s**2 + 10. Give m(-4).
-7
Let l be 2/7*2/((-2)/(-7)). Let h be 2 + (2 - (-6)/(-3)). Let b(r) = 0 - r**h + l + 1 - 2*r. What